[INFO] cloning repository https://github.com/jamwaffles/GeneticMan.rs
[INFO] running `Command { std: "git" "-c" "credential.helper=" "-c" "credential.helper=/workspace/cargo-home/bin/git-credential-null" "clone" "--bare" "https://github.com/jamwaffles/GeneticMan.rs" "/workspace/cache/git-repos/https%3A%2F%2Fgithub.com%2Fjamwaffles%2FGeneticMan.rs", kill_on_drop: false }`
[INFO] [stderr] Cloning into bare repository '/workspace/cache/git-repos/https%3A%2F%2Fgithub.com%2Fjamwaffles%2FGeneticMan.rs'...
[INFO] running `Command { std: "git" "rev-parse" "HEAD", kill_on_drop: false }`
[INFO] [stdout] 4c284447526069ca9349cde20152968c11c12fe0
[INFO] building jamwaffles/GeneticMan.rs against master#ff34b919075f35a1787659e9c448a34b06bab8de for issue-85264
[INFO] running `Command { std: "git" "clone" "/workspace/cache/git-repos/https%3A%2F%2Fgithub.com%2Fjamwaffles%2FGeneticMan.rs" "/workspace/builds/worker-1/source", kill_on_drop: false }`
[INFO] [stderr] Cloning into '/workspace/builds/worker-1/source'...
[INFO] [stderr] done.
[INFO] validating manifest of git repo https://github.com/jamwaffles/GeneticMan.rs on toolchain ff34b919075f35a1787659e9c448a34b06bab8de
[INFO] running `Command { std: "/workspace/cargo-home/bin/cargo" "+ff34b919075f35a1787659e9c448a34b06bab8de" "metadata" "--manifest-path" "Cargo.toml" "--no-deps", kill_on_drop: false }`
[INFO] started tweaking git repo https://github.com/jamwaffles/GeneticMan.rs
[INFO] finished tweaking git repo https://github.com/jamwaffles/GeneticMan.rs
[INFO] tweaked toml for git repo https://github.com/jamwaffles/GeneticMan.rs written to /workspace/builds/worker-1/source/Cargo.toml
[INFO] crate git repo https://github.com/jamwaffles/GeneticMan.rs already has a lockfile, it will not be regenerated
[INFO] running `Command { std: "/workspace/cargo-home/bin/cargo" "+ff34b919075f35a1787659e9c448a34b06bab8de" "fetch" "--manifest-path" "Cargo.toml", kill_on_drop: false }`
[INFO] running `Command { std: "docker" "create" "-v" "/var/lib/crater-agent-workspace/builds/worker-1/target:/opt/rustwide/target:rw,Z" "-v" "/var/lib/crater-agent-workspace/builds/worker-1/source:/opt/rustwide/workdir:ro,Z" "-v" "/var/lib/crater-agent-workspace/cargo-home:/opt/rustwide/cargo-home:ro,Z" "-v" "/var/lib/crater-agent-workspace/rustup-home:/opt/rustwide/rustup-home:ro,Z" "-e" "SOURCE_DIR=/opt/rustwide/workdir" "-e" "CARGO_TARGET_DIR=/opt/rustwide/target" "-e" "CARGO_HOME=/opt/rustwide/cargo-home" "-e" "RUSTUP_HOME=/opt/rustwide/rustup-home" "-w" "/opt/rustwide/workdir" "-m" "1610612736" "--user" "0:0" "--network" "none" "ghcr.io/rust-lang/crates-build-env/linux@sha256:20528e8c29e4536546f0102ce88568b16ea7538393a33fcca951030f7af10457" "/opt/rustwide/cargo-home/bin/cargo" "+ff34b919075f35a1787659e9c448a34b06bab8de" "metadata" "--no-deps" "--format-version=1", kill_on_drop: false }`
[INFO] [stderr] WARNING: Your kernel does not support swap limit capabilities or the cgroup is not mounted. Memory limited without swap.
[INFO] [stdout] 286114d5f2070e13f856351b58ec32178649659a79fce7e0a9d97a7a02451dbc
[INFO] running `Command { std: "docker" "start" "-a" "286114d5f2070e13f856351b58ec32178649659a79fce7e0a9d97a7a02451dbc", kill_on_drop: false }`
[INFO] running `Command { std: "docker" "inspect" "286114d5f2070e13f856351b58ec32178649659a79fce7e0a9d97a7a02451dbc", kill_on_drop: false }`
[INFO] running `Command { std: "docker" "rm" "-f" "286114d5f2070e13f856351b58ec32178649659a79fce7e0a9d97a7a02451dbc", kill_on_drop: false }`
[INFO] [stdout] 286114d5f2070e13f856351b58ec32178649659a79fce7e0a9d97a7a02451dbc
[INFO] running `Command { std: "docker" "create" "-v" "/var/lib/crater-agent-workspace/builds/worker-1/target:/opt/rustwide/target:rw,Z" "-v" "/var/lib/crater-agent-workspace/builds/worker-1/source:/opt/rustwide/workdir:ro,Z" "-v" "/var/lib/crater-agent-workspace/cargo-home:/opt/rustwide/cargo-home:ro,Z" "-v" "/var/lib/crater-agent-workspace/rustup-home:/opt/rustwide/rustup-home:ro,Z" "-e" "SOURCE_DIR=/opt/rustwide/workdir" "-e" "CARGO_TARGET_DIR=/opt/rustwide/target" "-e" "CARGO_INCREMENTAL=0" "-e" "RUST_BACKTRACE=full" "-e" "RUSTFLAGS=--cap-lints=forbid" "-e" "CARGO_HOME=/opt/rustwide/cargo-home" "-e" "RUSTUP_HOME=/opt/rustwide/rustup-home" "-w" "/opt/rustwide/workdir" "-m" "1610612736" "--user" "0:0" "--network" "none" "ghcr.io/rust-lang/crates-build-env/linux@sha256:20528e8c29e4536546f0102ce88568b16ea7538393a33fcca951030f7af10457" "/opt/rustwide/cargo-home/bin/cargo" "+ff34b919075f35a1787659e9c448a34b06bab8de" "build" "--frozen" "--message-format=json", kill_on_drop: false }`
[INFO] [stderr] WARNING: Your kernel does not support swap limit capabilities or the cgroup is not mounted. Memory limited without swap.
[INFO] [stdout] 55bcdd1af81d7a9ed578d374b074bd29ce92b4c82fcd15c1a34c543d1898ba02
[INFO] running `Command { std: "docker" "start" "-a" "55bcdd1af81d7a9ed578d374b074bd29ce92b4c82fcd15c1a34c543d1898ba02", kill_on_drop: false }`
[INFO] [stderr]    Compiling winapi v0.2.2
[INFO] [stderr]    Compiling rustc-serialize v0.3.15
[INFO] [stderr]    Compiling bitflags v0.1.1
[INFO] [stderr]    Compiling shader_version v0.2.0
[INFO] [stderr]    Compiling piston-texture v0.2.2
[INFO] [stderr]    Compiling piston-shaders_graphics2d v0.1.0
[INFO] [stderr]    Compiling gl_common v0.0.4
[INFO] [stderr]    Compiling dlib v0.1.1
[INFO] [stderr]    Compiling dylib v0.0.1
[INFO] [stderr]    Compiling clock_ticks v0.0.6
[INFO] [stderr]    Compiling advapi32-sys v0.1.2
[INFO] [stderr]    Compiling xml-rs v0.1.25
[INFO] [stderr]    Compiling libz-sys v0.1.8
[INFO] [stderr]    Compiling draw_state v0.1.2
[INFO] [stderr]    Compiling freetype-sys v0.1.2
[INFO] [stderr]    Compiling gif v0.5.0
[INFO] [stdout] error: `$stype:ty` may be followed by `functions`, which is not allowed for `ty` fragments
[INFO] [stdout]   --> /opt/rustwide/cargo-home/registry/src/github.com-1ecc6299db9ec823/dlib-0.1.1/src/lib.rs:39:11
[INFO] [stdout]    |
[INFO] [stdout] 39 |         $(functions: $(fn $fname: ident($($farg: ty),*) -> $fret:ty),+)|*
[INFO] [stdout]    |           ^^^^^^^^^ not allowed after `ty` fragments
[INFO] [stdout]    |
[INFO] [stdout]    = note: allowed there are: `{`, `[`, `=>`, `,`, `>`, `=`, `:`, `;`, `|`, `as` or `where`
[INFO] [stdout] 
[INFO] [stdout] 
[INFO] [stdout] error: `$stype:ty` may be followed by `varargs`, which is not allowed for `ty` fragments
[INFO] [stdout]   --> /opt/rustwide/cargo-home/registry/src/github.com-1ecc6299db9ec823/dlib-0.1.1/src/lib.rs:40:11
[INFO] [stdout]    |
[INFO] [stdout] 40 |         $(varargs: $(fn $vname: ident($($vargs: ty),+ ...) -> $vret: ty),+)|*
[INFO] [stdout]    |           ^^^^^^^ not allowed after `ty` fragments
[INFO] [stdout]    |
[INFO] [stdout]    = note: allowed there are: `{`, `[`, `=>`, `,`, `>`, `=`, `:`, `;`, `|`, `as` or `where`
[INFO] [stdout] 
[INFO] [stdout] 
[INFO] [stdout] error: `$fret:ty` may be followed by `varargs`, which is not allowed for `ty` fragments
[INFO] [stdout]   --> /opt/rustwide/cargo-home/registry/src/github.com-1ecc6299db9ec823/dlib-0.1.1/src/lib.rs:40:11
[INFO] [stdout]    |
[INFO] [stdout] 40 |         $(varargs: $(fn $vname: ident($($vargs: ty),+ ...) -> $vret: ty),+)|*
[INFO] [stdout]    |           ^^^^^^^ not allowed after `ty` fragments
[INFO] [stdout]    |
[INFO] [stdout]    = note: allowed there are: `{`, `[`, `=>`, `,`, `>`, `=`, `:`, `;`, `|`, `as` or `where`
[INFO] [stdout] 
[INFO] [stdout] 
[INFO] [stdout] error: `$vargs:ty` may be followed by `...`, which is not allowed for `ty` fragments
[INFO] [stdout]   --> /opt/rustwide/cargo-home/registry/src/github.com-1ecc6299db9ec823/dlib-0.1.1/src/lib.rs:40:55
[INFO] [stdout]    |
[INFO] [stdout] 40 |         $(varargs: $(fn $vname: ident($($vargs: ty),+ ...) -> $vret: ty),+)|*
[INFO] [stdout]    |                                                       ^^^ not allowed after `ty` fragments
[INFO] [stdout]    |
[INFO] [stdout]    = note: allowed there are: `{`, `[`, `=>`, `,`, `>`, `=`, `:`, `;`, `|`, `as` or `where`
[INFO] [stdout] 
[INFO] [stdout] 
[INFO] [stdout] error: `$stype:ty` may be followed by `functions`, which is not allowed for `ty` fragments
[INFO] [stdout]   --> /opt/rustwide/cargo-home/registry/src/github.com-1ecc6299db9ec823/dlib-0.1.1/src/lib.rs:66:11
[INFO] [stdout]    |
[INFO] [stdout] 66 |         $(functions: $(fn $fname: ident($($farg: ty),*) -> $fret:ty),+)|*
[INFO] [stdout]    |           ^^^^^^^^^ not allowed after `ty` fragments
[INFO] [stdout]    |
[INFO] [stdout]    = note: allowed there are: `{`, `[`, `=>`, `,`, `>`, `=`, `:`, `;`, `|`, `as` or `where`
[INFO] [stdout] 
[INFO] [stdout] 
[INFO] [stdout] error: `$stype:ty` may be followed by `varargs`, which is not allowed for `ty` fragments
[INFO] [stdout]   --> /opt/rustwide/cargo-home/registry/src/github.com-1ecc6299db9ec823/dlib-0.1.1/src/lib.rs:67:11
[INFO] [stdout]    |
[INFO] [stdout] 67 |         $(varargs: $(fn $vname: ident($($vargs: ty),+ ...) -> $vret: ty),+)|*
[INFO] [stdout]    |           ^^^^^^^ not allowed after `ty` fragments
[INFO] [stdout]    |
[INFO] [stdout]    = note: allowed there are: `{`, `[`, `=>`, `,`, `>`, `=`, `:`, `;`, `|`, `as` or `where`
[INFO] [stdout] 
[INFO] [stdout] 
[INFO] [stdout] error: `$fret:ty` may be followed by `varargs`, which is not allowed for `ty` fragments
[INFO] [stdout]   --> /opt/rustwide/cargo-home/registry/src/github.com-1ecc6299db9ec823/dlib-0.1.1/src/lib.rs:67:11
[INFO] [stdout]    |
[INFO] [stdout] 67 |         $(varargs: $(fn $vname: ident($($vargs: ty),+ ...) -> $vret: ty),+)|*
[INFO] [stdout]    |           ^^^^^^^ not allowed after `ty` fragments
[INFO] [stdout]    |
[INFO] [stdout]    = note: allowed there are: `{`, `[`, `=>`, `,`, `>`, `=`, `:`, `;`, `|`, `as` or `where`
[INFO] [stdout] 
[INFO] [stdout] 
[INFO] [stdout] error: `$vargs:ty` may be followed by `...`, which is not allowed for `ty` fragments
[INFO] [stdout]   --> /opt/rustwide/cargo-home/registry/src/github.com-1ecc6299db9ec823/dlib-0.1.1/src/lib.rs:67:55
[INFO] [stdout]    |
[INFO] [stdout] 67 |         $(varargs: $(fn $vname: ident($($vargs: ty),+ ...) -> $vret: ty),+)|*
[INFO] [stdout]    |                                                       ^^^ not allowed after `ty` fragments
[INFO] [stdout]    |
[INFO] [stdout]    = note: allowed there are: `{`, `[`, `=>`, `,`, `>`, `=`, `:`, `;`, `|`, `as` or `where`
[INFO] [stdout] 
[INFO] [stdout] 
[INFO] [stdout] error: `$stype:ty` may be followed by `functions`, which is not allowed for `ty` fragments
[INFO] [stdout]   --> /opt/rustwide/cargo-home/registry/src/github.com-1ecc6299db9ec823/dlib-0.1.1/src/lib.rs:83:11
[INFO] [stdout]    |
[INFO] [stdout] 83 |         $(functions: $(fn $fname: ident($($farg: ty),*) -> $fret:ty),+)|*
[INFO] [stdout]    |           ^^^^^^^^^ not allowed after `ty` fragments
[INFO] [stdout]    |
[INFO] [stdout]    = note: allowed there are: `{`, `[`, `=>`, `,`, `>`, `=`, `:`, `;`, `|`, `as` or `where`
[INFO] [stdout] 
[INFO] [stdout] 
[INFO] [stdout] error: `$stype:ty` may be followed by `varargs`, which is not allowed for `ty` fragments
[INFO] [stdout]   --> /opt/rustwide/cargo-home/registry/src/github.com-1ecc6299db9ec823/dlib-0.1.1/src/lib.rs:84:11
[INFO] [stdout]    |
[INFO] [stdout] 84 |         $(varargs: $(fn $vname: ident($($vargs: ty),+ ...) -> $vret: ty),+)|*
[INFO] [stdout]    |           ^^^^^^^ not allowed after `ty` fragments
[INFO] [stdout]    |
[INFO] [stdout]    = note: allowed there are: `{`, `[`, `=>`, `,`, `>`, `=`, `:`, `;`, `|`, `as` or `where`
[INFO] [stdout] 
[INFO] [stdout] 
[INFO] [stdout] error: `$fret:ty` may be followed by `varargs`, which is not allowed for `ty` fragments
[INFO] [stdout]   --> /opt/rustwide/cargo-home/registry/src/github.com-1ecc6299db9ec823/dlib-0.1.1/src/lib.rs:84:11
[INFO] [stdout]    |
[INFO] [stdout] 84 |         $(varargs: $(fn $vname: ident($($vargs: ty),+ ...) -> $vret: ty),+)|*
[INFO] [stdout]    |           ^^^^^^^ not allowed after `ty` fragments
[INFO] [stdout]    |
[INFO] [stdout]    = note: allowed there are: `{`, `[`, `=>`, `,`, `>`, `=`, `:`, `;`, `|`, `as` or `where`
[INFO] [stdout] 
[INFO] [stdout] 
[INFO] [stdout] error: `$vargs:ty` may be followed by `...`, which is not allowed for `ty` fragments
[INFO] [stdout]   --> /opt/rustwide/cargo-home/registry/src/github.com-1ecc6299db9ec823/dlib-0.1.1/src/lib.rs:84:55
[INFO] [stdout]    |
[INFO] [stdout] 84 |         $(varargs: $(fn $vname: ident($($vargs: ty),+ ...) -> $vret: ty),+)|*
[INFO] [stdout]    |                                                       ^^^ not allowed after `ty` fragments
[INFO] [stdout]    |
[INFO] [stdout]    = note: allowed there are: `{`, `[`, `=>`, `,`, `>`, `=`, `:`, `;`, `|`, `as` or `where`
[INFO] [stdout] 
[INFO] [stdout] 
[INFO] [stdout] error: `$stype:ty` may be followed by `functions`, which is not allowed for `ty` fragments
[INFO] [stdout]    --> /opt/rustwide/cargo-home/registry/src/github.com-1ecc6299db9ec823/dlib-0.1.1/src/lib.rs:134:11
[INFO] [stdout]     |
[INFO] [stdout] 134 |         $(functions: $(fn $fname: ident($($farg: ty),*) -> $fret:ty),+)|*
[INFO] [stdout]     |           ^^^^^^^^^ not allowed after `ty` fragments
[INFO] [stdout]     |
[INFO] [stdout]     = note: allowed there are: `{`, `[`, `=>`, `,`, `>`, `=`, `:`, `;`, `|`, `as` or `where`
[INFO] [stdout] 
[INFO] [stdout] 
[INFO] [stdout] error: `$stype:ty` may be followed by `varargs`, which is not allowed for `ty` fragments
[INFO] [stdout]    --> /opt/rustwide/cargo-home/registry/src/github.com-1ecc6299db9ec823/dlib-0.1.1/src/lib.rs:135:11
[INFO] [stdout]     |
[INFO] [stdout] 135 |         $(varargs: $(fn $vname: ident($($vargs: ty),+ ...) -> $vret: ty),+)|*
[INFO] [stdout]     |           ^^^^^^^ not allowed after `ty` fragments
[INFO] [stdout]     |
[INFO] [stdout]     = note: allowed there are: `{`, `[`, `=>`, `,`, `>`, `=`, `:`, `;`, `|`, `as` or `where`
[INFO] [stdout] 
[INFO] [stdout] 
[INFO] [stdout] error: `$fret:ty` may be followed by `varargs`, which is not allowed for `ty` fragments
[INFO] [stdout]    --> /opt/rustwide/cargo-home/registry/src/github.com-1ecc6299db9ec823/dlib-0.1.1/src/lib.rs:135:11
[INFO] [stdout]     |
[INFO] [stdout] 135 |         $(varargs: $(fn $vname: ident($($vargs: ty),+ ...) -> $vret: ty),+)|*
[INFO] [stdout]     |           ^^^^^^^ not allowed after `ty` fragments
[INFO] [stdout]     |
[INFO] [stdout]     = note: allowed there are: `{`, `[`, `=>`, `,`, `>`, `=`, `:`, `;`, `|`, `as` or `where`
[INFO] [stdout] 
[INFO] [stdout] 
[INFO] [stdout] error: `$vargs:ty` may be followed by `...`, which is not allowed for `ty` fragments
[INFO] [stdout]    --> /opt/rustwide/cargo-home/registry/src/github.com-1ecc6299db9ec823/dlib-0.1.1/src/lib.rs:135:55
[INFO] [stdout]     |
[INFO] [stdout] 135 |         $(varargs: $(fn $vname: ident($($vargs: ty),+ ...) -> $vret: ty),+)|*
[INFO] [stdout]     |                                                       ^^^ not allowed after `ty` fragments
[INFO] [stdout]     |
[INFO] [stdout]     = note: allowed there are: `{`, `[`, `=>`, `,`, `>`, `=`, `:`, `;`, `|`, `as` or `where`
[INFO] [stdout] 
[INFO] [stdout] 
[INFO] [stdout] error: `$stype:ty` may be followed by `functions`, which is not allowed for `ty` fragments
[INFO] [stdout]    --> /opt/rustwide/cargo-home/registry/src/github.com-1ecc6299db9ec823/dlib-0.1.1/src/lib.rs:172:11
[INFO] [stdout]     |
[INFO] [stdout] 172 |         $(functions: $(fn $fname: ident($($farg: ty),*) -> $fret:ty),+)|*
[INFO] [stdout]     |           ^^^^^^^^^ not allowed after `ty` fragments
[INFO] [stdout]     |
[INFO] [stdout]     = note: allowed there are: `{`, `[`, `=>`, `,`, `>`, `=`, `:`, `;`, `|`, `as` or `where`
[INFO] [stdout] 
[INFO] [stdout] 
[INFO] [stdout] error: `$stype:ty` may be followed by `varargs`, which is not allowed for `ty` fragments
[INFO] [stdout]    --> /opt/rustwide/cargo-home/registry/src/github.com-1ecc6299db9ec823/dlib-0.1.1/src/lib.rs:173:11
[INFO] [stdout]     |
[INFO] [stdout] 173 |         $(varargs: $(fn $vname: ident($($vargs: ty),+ ...) -> $vret: ty),+)|*
[INFO] [stdout]     |           ^^^^^^^ not allowed after `ty` fragments
[INFO] [stdout]     |
[INFO] [stdout]     = note: allowed there are: `{`, `[`, `=>`, `,`, `>`, `=`, `:`, `;`, `|`, `as` or `where`
[INFO] [stdout] 
[INFO] [stdout] 
[INFO] [stdout] error: `$fret:ty` may be followed by `varargs`, which is not allowed for `ty` fragments
[INFO] [stdout]    --> /opt/rustwide/cargo-home/registry/src/github.com-1ecc6299db9ec823/dlib-0.1.1/src/lib.rs:173:11
[INFO] [stdout]     |
[INFO] [stdout] 173 |         $(varargs: $(fn $vname: ident($($vargs: ty),+ ...) -> $vret: ty),+)|*
[INFO] [stdout]     |           ^^^^^^^ not allowed after `ty` fragments
[INFO] [stdout]     |
[INFO] [stdout]     = note: allowed there are: `{`, `[`, `=>`, `,`, `>`, `=`, `:`, `;`, `|`, `as` or `where`
[INFO] [stdout] 
[INFO] [stdout] 
[INFO] [stdout] error: `$vargs:ty` may be followed by `...`, which is not allowed for `ty` fragments
[INFO] [stdout]    --> /opt/rustwide/cargo-home/registry/src/github.com-1ecc6299db9ec823/dlib-0.1.1/src/lib.rs:173:55
[INFO] [stdout]     |
[INFO] [stdout] 173 |         $(varargs: $(fn $vname: ident($($vargs: ty),+ ...) -> $vret: ty),+)|*
[INFO] [stdout]     |                                                       ^^^ not allowed after `ty` fragments
[INFO] [stdout]     |
[INFO] [stdout]     = note: allowed there are: `{`, `[`, `=>`, `,`, `>`, `=`, `:`, `;`, `|`, `as` or `where`
[INFO] [stdout] 
[INFO] [stdout] 
[INFO] [stdout] error: aborting due to 20 previous errors
[INFO] [stdout] 
[INFO] [stdout] 
[INFO] [stderr] error: could not compile `dlib`
[INFO] [stderr] 
[INFO] [stderr] To learn more, run the command again with --verbose.
[INFO] [stderr] warning: build failed, waiting for other jobs to finish...
[INFO] [stdout] error[E0277]: the size for values of type `Self` cannot be known at compilation time
[INFO] [stdout]    --> /opt/rustwide/cargo-home/registry/src/github.com-1ecc6299db9ec823/piston-texture-0.2.2/src/lib.rs:91:10
[INFO] [stdout]     |
[INFO] [stdout] 91  |     ) -> Result<Self, Self::Error>;
[INFO] [stdout]     |          ^^^^^^^^^^^^^^^^^^^^^^^^^ doesn't have a size known at compile-time
[INFO] [stdout]     |
[INFO] [stdout] help: consider further restricting `Self`
[INFO] [stdout]     |
[INFO] [stdout] 91  |     ) -> Result<Self, Self::Error> where Self: Sized;
[INFO] [stdout]     |                                    ^^^^^^^^^^^^^^^^^
[INFO] [stdout] 
[INFO] [stdout] 
[INFO] [stdout] error: aborting due to previous error
[INFO] [stdout] 
[INFO] [stdout] 
[INFO] [stdout] For more information about this error, try `rustc --explain E0277`.
[INFO] [stdout] 
[INFO] [stdout] error[E0642]: patterns aren't allowed in functions without bodies
[INFO] [stdout]    --> /opt/rustwide/cargo-home/registry/src/github.com-1ecc6299db9ec823/rustc-serialize-0.3.15/src/serialize.rs:145:45
[INFO] [stdout]     |
[INFO] [stdout] 145 | ...                   &f_name: &str,
[INFO] [stdout]     |                       ^^^^^^^ pattern not allowed in function without body
[INFO] [stdout] 
[INFO] [stdout] 
[INFO] [stdout] error[E0277]: the size for values of type `Self` cannot be known at compilation time
[INFO] [stdout]   --> /opt/rustwide/cargo-home/registry/src/github.com-1ecc6299db9ec823/shader_version-0.2.0/src/lib.rs:37:50
[INFO] [stdout]    |
[INFO] [stdout] 14 | pub struct Shaders<'a, V, S: 'a + ?Sized>(BTreeMap<V, &'a S>);
[INFO] [stdout]    |                        - required by this bound in `Shaders`
[INFO] [stdout] ...
[INFO] [stdout] 37 |     fn pick_shader<'a, S: ?Sized>(self, shaders: &Shaders<'a, Self, S>) -> Option<&'a S>;
[INFO] [stdout]    |                                                  ^^^^^^^^^^^^^^^^^^^^^ doesn't have a size known at compile-time
[INFO] [stdout]    |
[INFO] [stdout] help: consider further restricting `Self`
[INFO] [stdout]    |
[INFO] [stdout] 37 |     fn pick_shader<'a, S: ?Sized>(self, shaders: &Shaders<'a, Self, S>) -> Option<&'a S> where Self: Sized;
[INFO] [stdout]    |                                                                                          ^^^^^^^^^^^^^^^^^
[INFO] [stdout] help: consider relaxing the implicit `Sized` restriction
[INFO] [stdout]    |
[INFO] [stdout] 14 | pub struct Shaders<'a, V: ?Sized, S: 'a + ?Sized>(BTreeMap<V, &'a S>);
[INFO] [stdout]    |                         ^^^^^^^^
[INFO] [stdout] 
[INFO] [stdout] 
[INFO] [stdout] error: aborting due to previous error
[INFO] [stdout] 
[INFO] [stdout] 
[INFO] [stdout] For more information about this error, try `rustc --explain E0277`.
[INFO] [stdout] 
[INFO] [stdout] error[E0277]: the size for values of type `Self` cannot be known at compilation time
[INFO] [stdout]   --> /opt/rustwide/cargo-home/registry/src/github.com-1ecc6299db9ec823/xml-rs-0.1.25/src/util.rs:15:33
[INFO] [stdout]    |
[INFO] [stdout] 15 |     fn cloned_pairwise(self) -> ClonedPairwise<Self>;
[INFO] [stdout]    |                                 ^^^^^^^^^^^^^^^^^^^^ doesn't have a size known at compile-time
[INFO] [stdout] ...
[INFO] [stdout] 27 | pub struct ClonedPairwise<I>(I);
[INFO] [stdout]    |                           - required by this bound in `ClonedPairwise`
[INFO] [stdout]    |
[INFO] [stdout] help: you could relax the implicit `Sized` bound on `I` if it were used through indirection like `&I` or `Box<I>`
[INFO] [stdout]   --> /opt/rustwide/cargo-home/registry/src/github.com-1ecc6299db9ec823/xml-rs-0.1.25/src/util.rs:27:27
[INFO] [stdout]    |
[INFO] [stdout] 27 | pub struct ClonedPairwise<I>(I);
[INFO] [stdout]    |                           ^  - ...if indirection were used here: `Box<I>`
[INFO] [stdout]    |                           |
[INFO] [stdout]    |                           this could be changed to `I: ?Sized`...
[INFO] [stdout] help: consider further restricting `Self`
[INFO] [stdout]    |
[INFO] [stdout] 15 |     fn cloned_pairwise(self) -> ClonedPairwise<Self> where Self: Sized;
[INFO] [stdout]    |                                                      ^^^^^^^^^^^^^^^^^
[INFO] [stdout] 
[INFO] [stdout] 
[INFO] [stdout] error: aborting due to previous error
[INFO] [stdout] 
[INFO] [stdout] 
[INFO] [stdout] For more information about this error, try `rustc --explain E0277`.
[INFO] [stdout] 
[INFO] [stdout] error[E0277]: the size for values of type `Self` cannot be known at compilation time
[INFO] [stdout]    --> /opt/rustwide/cargo-home/registry/src/github.com-1ecc6299db9ec823/rustc-serialize-0.3.15/src/serialize.rs:201:41
[INFO] [stdout]     |
[INFO] [stdout] 201 |     fn decode<D: Decoder>(d: &mut D) -> Result<Self, D::Error>;
[INFO] [stdout]     |                                         ^^^^^^^^^^^^^^^^^^^^^^ doesn't have a size known at compile-time
[INFO] [stdout]     |
[INFO] [stdout] help: consider further restricting `Self`
[INFO] [stdout]     |
[INFO] [stdout] 201 |     fn decode<D: Decoder>(d: &mut D) -> Result<Self, D::Error> where Self: Sized;
[INFO] [stdout]     |                                                                ^^^^^^^^^^^^^^^^^
[INFO] [stdout] 
[INFO] [stdout] 
[INFO] [stdout] error: aborting due to 2 previous errors
[INFO] [stdout] 
[INFO] [stdout] 
[INFO] [stdout] Some errors have detailed explanations: E0277, E0642.
[INFO] [stdout] 
[INFO] [stdout] For more information about an error, try `rustc --explain E0277`.
[INFO] [stdout] 
[INFO] [stderr] error: build failed
[INFO] running `Command { std: "docker" "inspect" "55bcdd1af81d7a9ed578d374b074bd29ce92b4c82fcd15c1a34c543d1898ba02", kill_on_drop: false }`
[INFO] running `Command { std: "docker" "rm" "-f" "55bcdd1af81d7a9ed578d374b074bd29ce92b4c82fcd15c1a34c543d1898ba02", kill_on_drop: false }`
[INFO] [stdout] 55bcdd1af81d7a9ed578d374b074bd29ce92b4c82fcd15c1a34c543d1898ba02
